?
True
Is 16325957 a prime number?
False
Is 25936811 composite?
False
Is 931483 a composite number?
True
Is 25451471 prime?
True
Is 76851869 prime?
False
Is 923687 a composite number?
False
Is 1221215 a prime number?
False
Is 170722973 prime?
False
Is 13488319 composite?
True
Is 457431647 composite?
False
Is 9333393 a prime number?
False
Is 2749393 composite?
True
Is 102686447 prime?
False
Is 2053094 prime?
False
Is 42623279 composite?
False
Is 2092309 prime?
False
Is 5841767 prime?
False
Is 311050561 a composite number?
False
Is 1327531 composite?
True
Is 57126005 a composite number?
True
Is 341537563 a prime number?
True
Is 32955739 composite?
False
Is 5935921 a prime number?
False
Is 22654519 a composite number?
False
Is 2926081 a prime number?
False
Is 722929 a prime number?
False
Is 2630687 a composite number?
True
Is 6381103 prime?
False
Is 5324071 prime?
True
Is 569417 composite?
False
Is 3030431 a composite number?
False
Is 29970539 a prime number?
False
Is 19861643 a prime number?
False
Is 829009 a composite number?
True
Is 5072869 composite?
False
Is 153841 composite?
False
Is 363386 a prime number?
False
Is 1769687 a composite number?
False
Is 3698881 prime?
True
Is 783889 composite?
True
Is 12823379 prime?
True
Is 75846221 a prime number?
False
Is 3806162 a composite number?
True
Is 163959763 composite?
True
Is 170951 a prime number?
False
Is 5813087 composite?
True
Is 12233431 a prime number?
False
Is 2399461 composite?
False
Is 190628707 composite?
False
Is 145086163 composite?
False
Is 347995477 composite?
False
Is 2629279 composite?
True
Is 9965183 composite?
True
Is 9872237 a composite number?
True
Is 5966087 a prime number?
True
Is 712189 a prime number?
False
Is 15357379 a prime number?
True
Is 39164713 prime?
False
Is 39740231 composite?
False
Is 12559739 a prime number?
True
Is 1177387 a composite number?
False
Is 7908991 prime?
True
Is 7474283 a composite number?
False
Is 213713 composite?
False
Is 432121 a composite number?
False
Is 3341081 a prime number?
False
Is 8185063 a prime number?
False
Is 70295413 prime?
True
Is 195180443 composite?
False
Is 47954509 a composite number?
True
Is 55324186 prime?
False
Is 218341 a prime number?
False
Is 2076029 a prime number?
False
Is 12786359 a composite number?
True
Is 4393283 a prime number?
True
Is 3468701 prime?
True
Is 17566649 composite?
True
Is 179279587 composite?
False
Is 33996079 composite?
True
Is 931621 composite?
False
Is 149786707 composite?
True
Is 16198423 composite?
False
Is 105782983 composite?
False
Is 58604443 a composite number?
True
Is 26601929 a prime number?
True
Is 723313499 a composite number?
True
Is 19086779 a prime number?
False
Is 19217729 composite?
False
Is 241079 prime?
True
Is 332046041 composite?
True
Is 57758899 a composite number?
True
Is 283447 a prime number?
True
Is 17873651 composite?
False
Is 52723687 prime?
True
Is 29726966 a composite number?
True
Is 215641 prime?
False
Is 15686169 a composite number?
True
Is 1492661 a prime number?
True
Is 4939823 a prime number?
False
Is 1529573 a composite number?
False
Is 2589853 composite?
True
Is 56793977 composite?
True
Is 64755087 a composite number?
True
Is 4613213 prime?
False
Is 40627109 a prime number?
True
Is 9012733 composite?
True
Is 101893927 composite?
False
Is 744509 composite?
True
Is 10915921 prime?
False
Is 288907433 prime?
False
Is 29916149 a prime number?
True
Is 2697505 prime?
False
Is 2647847 a composite number?
False
Is 43568249 prime?
False
Is 3483509 a composite number?
True
Is 19465639 composite?
True
Is 1702079 composite?
False
Is 9063571 a prime number?
False
Is 467331 prime?
False
Is 97375297 a prime number?
False
Is 29753 a prime number?
True
Is 61311289 composite?
True
Is 1815747 a composite number?
True
Is 39781583 a prime number?
False
Is 8864657 a composite number?
True
Is 58532401 a prime number?
False
Is 6346471 a composite number?
True
Is 3142451 composite?
True
Is 153679 a composite number?
True
Is 1233251 a composite number?
False
Is 4795963 prime?
True
Is 4363127 composite?
False
Is 557525491 a composite number?
False
Is 498203 prime?
False
Is 403497151 a composite number?
False
Is 10568599 prime?
True
Is 1678267 prime?
True
Is 1813991 a composite number?
False
Is 7659467 prime?
True
Is 34433393 a prime number?
True
Is 108109255 a prime number?
False
Is 9005603 composite?
True
Is 2669951 a prime number?
True
Is 4487939 a prime number?
True
Is 23768911 a prime number?
False
Is 1000726 prime?
False
Is 139585631 a prime number?
False
Is 65599 a prime number?
True
Is 14742751 a prime number?
True
Is 194094319 a composite number?
False
Is 84440879 a prime number?
True
Is 119913447 a prime number?
False
Is 16673491 composite?
False
Is 4414519 composite?
False
Is 3200919 composite?
True
Is 43724531 a composite number?
False
Is 43692731 composite?
True
Is 5679203 a prime number?
False
Is 25290763 prime?
False
Is 16338163 a composite number?
False
Is 45670423 prime?
False
Is 5507479 a composite number?
True
Is 9910039 a prime number?
False
Is 3075377 composite?
False
Is 49753601 composite?
False
Is 20464427 prime?
False
Is 4615469 a composite number?
False
Is 28115405 prime?
False
Is 10086977 composite?
True
Is 45839113 composite?
False
Is 6340013 prime?
True
Is 18315163 composite?
False
Is 40276121 a composite number?
False
Is 2496587 prime?
True
Is 447509039 a prime number?
True
Is 9190859 a composite number?
True
Is 17443061 composite?
False
Is 62569817 a composite number?
True
Is 5105083 a composite number?
True
Is 74062333 prime?
True
Is 772949 a composite number?
False
Is 90328621 composite?
True
Is 1432469 composite?
False
Is 33100863 prime?
False
Is 14001941 prime?
True
Is 91007083 a composite number?
False
Is 1060753 a prime number?
False
Is 58426231 a composite number?
False
Is 2205471 prime?
False
Is 168215559 prime?
False
Is 218590061 composite?
False
Is 24349681 a prime number?
True
Is 95871 a prime number?
False
Is 2946743 a prime number?
True
Is 1130723 a prime number?
False
Is 1519781 a composite number?
True
Is 22769491 a prime number?
True
Is 24516383 composite?
False
Is 104389001 a prime number?
True
Is 5476973 composite?
False
Is 96844438 a prime number?
False
Is 337699 a composite number?
True
Is 58644743 composite?
False
Is 47468513 a prime number?
True
Is 8140519 prime?
True
Is 189680285 a prime number?
False
Is 616361 prime?
True
Is 280366211 composite?
False
Is 78305477 composite?
True
Is 685948947 prime?
False
Is 24232997 composite?
True
Is 412103431 prime?
False
Is 203037 composite?
True
Is 3108697 a prime number?
True
Is 390647 composite?
False
Is 595411 a composite number?
False
Is 71405417 a prime number?
True
Is 21128843 prime?
True
Is 1153519 a composite number?
True
Is 205816439 prime?
True
Is 20557883 composite?
True
Is 227337059 prime?
False
Is 11415731 prime?
False
Is 50904407 prime?
True
Is 326003 a composite number?
True
Is 3803147 prime?
False
Is 234202043 composite?
False
Is 38595763 composite?
True
Is 3075799 a composite number?
True
Is 5123531 prime?
False
Is 5193341 composite?
False
Is 32658097 a prime number?
False
Is 289829977 a prime number?
False
Is 2346089 a composite number?
False
Is 36632851 a composite number?
False
Is 137273 a composite number?
False
Is 18841987 a prime number?
True
Is 272556343 composite?
True
Is 690347 composite?
True
Is 540473 a composite number?
True
Is 17092693 composite?
False
Is 186101 a composite number?
True
Is 6583897 composite?
False
Is 9026429 a prime number?
True
Is 3101591 composite?
False
Is 258144377 prime?
True
Is 221339 composite?
True
Is 25898107 composite?
False
Is 4471801 a prime number?
True
Is 1071377729 a prime number?
True
Is 4047833 prime?
False
Is 23957561 prime?
False
Is 164776091 prime?
True
Is 8037307 a prime number?
True
Is 12578231 a composite number?
True
Is 348536491 a composite number?
False
Is 156945937 prime?
True
Is 5351113 prime?
True
Is 58438879 a composite number?
True
Is 6338107 a composite number?
False
Is 403660813 prime?
False
Is 268890943 prime?
True
Is 6001981 prime?
True
Is 1137949 prime?
False
Is 158823599 prime?
False
Is 171995479 a composite number?
False
Is 15270049 a prime number?
True
Is 237386755 composite?
True
Is 2479409 composite?
False
Is 